u).
0
Let f(p) be the third derivative of -p**4/12 + 7*p**3/6 - 10*p**2. Suppose -5*q + 4*c = -3*q, q = 3*c + 2. Let i = 9 + q. Determine f(i).
-3
Let r(q) = q**3 + 2*q**2 - 3*q - 4. Suppose p - 35 = -247. Let l be p/(-18) + 10/45. Suppose 5*m = 2*w - 15, -5*m - l = -m + 4*w. Give r(m).
-4
Suppose 5*i + 5*n + 15 = 0, -n = -2*i + 10 - 4. Let p(f) = 8*f**3 + 2*f - 1. Give p(i).
9
Let p be -1 + (3 - 5) + 0. Let v(t) = 2*t**2 + 4*t - 1. Determine v(p).
5
Suppose -2*m = -6*m. Let a(x) = -x**3 - 3. Calculate a(m).
-3
Let v(r) = -3 - 19*r**3 + 44*r**3 - 26*r**3 + 8*r**2. Calculate v(8).
-3
Let m be (-2)/(-1) - (0 - -2). Let k(w) = -31*w + 9*w + 23*w + 11 - 3. Calculate k(m).
8
Let p(w) = w**3 - 6*w**2 - w - 6. Let r(n) = 2*n**3 - 13*n**2 - 2*n - 13. Let q(i) = 13*p(i) - 6*r(i). Calculate q(-1).
0
Let k be ((-4)/6 - -1)*18. Let g(v) = 4*v - k*v + 4*v + 1 + 2. What is g(-3)?
-3
Suppose 17 - 38 = 7*j. Let i(f) be the second derivative of -f**5/20 - f**4/3 - 2*f**3/3 + f. Determine i(j).
3
Let z(s) = 2*s + 6*s + 5*s - 12*s. Give z(-6).
-6
Suppose -4*t - 2*v - 18 = -0*t, -4*t + 4*v + 12 = 0. Let m(h) = -h**2 + h + 1. Give m(t).
-5
Let u(h) be the first derivative of -h**4/4 - 2*h**3 - h**2 - 3*h - 51. Calculate u(-4).
-27
Let b(a) = a**2 + 5*a - 5. Let s be (-1)/(-4) + 189/(-36). Give b(s).
-5
Let z = -1 - -2. Let h = z + -1. Let j(x) = x - 1. Let l(n) = n**2 + 7*n - 10. Let b(c) = -6*j(c) + l(c). What is b(h)?
-4
Let n(u) = 50*u + u**2 - 2*u**2 - 58*u - 7. Suppose -12 = d - 3*b, -2*b + 4 + 12 = -2*d. Determine n(d).
5
Let l = 61 - 64. Suppose 2*b = -2*b + 20. Let c(o) = -b*o + o**3 - 1 + 2*o**2 + 4 - 7. Give c(l).
2
Let b(i) = -2*i**3 - 2*i**2 + 1. Suppose 4 = 3*s - 2. Suppose 0 = -6*x + 3*x + u - 7, s*x - 1 = -5*u. Determine b(x).
9
Let u(r) = 6*r**2 + 7*r - 10. Let c(i) = -i**2 + 1. Let v(x) = -5*c(x) - u(x). Give v(-5).
15
Let o(z) = -7*z + 10. Let t(n) = -4*n + 5. Let w(h) = 3*o(h) - 5*t(h). Give w(6).
-1
Let x(f) = 4 - 3 + 3 - 9*f - 3. Determine x(1).
-8
Let q(f) = -f**2 + 5. Let u = 7 + -8. Let a = u - -5. Determine q(a).
-11
Let r(q) = -2*q**2 - 10*q + 12 + q**2 + 2*q**2. Determine r(8).
-4
Let z(x) = x**2 + x + 0*x + 6 + 1. What is z(0)?
7
Let n(k) = -2*k - 5. Let w(i) = i**3 + 4*i**2 - 3*i - 2. Let s be w(-4). Suppose 0 - s = 2*q. Give n(q).
5
Let r(j) = -2 - 49*j**2 + 16*j**2 + 5*j + 20*j**2 + 14*j**2. Suppose -5*k - 28 = 2*b - 0*k, b = 5*k + 16. Calculate r(b).
-6
Suppose 3*h + 2 = 5*u, 4 = 2*h + 5*u - 3. Suppose h = -3*f - 2. Let p(n) = -n**2 + n - 1. Let r(w) = -7*w**2 + 8*w - 5. Let i(m) = 6*p(m) - r(m). What is i(f)?
2
Suppose p - 10 = -3*q, -2*p + 4*q = 3*q + 8. Let n(j) = j**2 - 7*j + 8. Let z be n(6). Let y(g) = -3*g**3 - 2*g + 0*g**3 - 3*g**z + g**3 - 2. Give y(p).
6
Let u(j) = 3*j**3 + 5*j**2 + 8*j - 1. Let g(z) = 3*z**3 + 4*z**2 + 7*z - 1. Let k(l) = 6*g(l) - 5*u(l). Calculate k(2).
23
Let a(v) = 0 + 2 - v - 5*v - v**2. Suppose 6 = -2*b + b. What is a(b)?
2
Let c(p) = -p**2 - 3*p - 3. Let u(m) = -m - 1. Let f(o) = -2*c(o) + 4*u(o). Give f(-3).
14
Suppose 0*l = -l - 2. Suppose 0 = -j + 2*n + 2, 0 = 5*j + 2*n - 0 - 22. Let z(r) = 4 + r + 1 + 1 - j. Calculate z(l).
0
Suppose 13 + 14 = 3*g. Let p(o) = -g - o + 2 - 1. Calculate p(-5).
-3
Let k(h) = -h - 1. Let z(c) = -2*c + 2. Let b(t) = -t**3 + 8*t**2 - 5*t - 10. Let i be b(7). Let w be z(i). Calculate k(w).
5
Let d(q) = -q**2 + 5*q + 6. Let k be d(6). Let r(c) = c - 6. Determine r(k).
-6
Let x(i) = 7*i**2 + 2*i + 5. Let b = 4 - -1. Let r(q) = 10*q**2 + 3*q + 7. Let u(o) = b*r(o) - 7*x(o). Suppose 45*n - 40*n = -5. What is u(n)?
0
Let n(d) = -d - 2. Let m be 1/3 + 17/3. Suppose c + 6 + m = 4*a, 4*c + 16 = 0. Suppose -a*u = -3*r - 12, 5*r + 22 = 2*u + 6. What is n(u)?
-5
Let q be -1*((-8)/2)/2. Suppose -3*r + r = -5*w - 10, -4*r - q = w. Let j(x) = x**3 + x**2 - x - 2. Determine j(r).
-2
Suppose -5*q + x + 2*x = 6, 5*x - 10 = 0. Let a = q + 2. Let c(o) = 4 - 4 - o + o**2. Give c(a).
2
Let l(h) = 3 + 6*h + 2 - 4*h. Let o(f) = -f**3 - 8*f**2 - 13*f - 10. Let u be o(-6). Give l(u).
-3
Let x(i) = i**2 + 7*i + 7. Let c be x(-5). Let r be c/15 + (-11)/(-5). Let j(y) = -15*y**r - 3*y + y - 4*y + 14*y**2 - 4. Calculate j(-3).
5
Let y(l) be the third derivative of -l**6/120 - 7*l**5/60 + l**4/8 + 4*l**3/3 - 21*l**2. Give y(-7).
-13
Let q be (1 - 2)*(10 + 0). Let x be (2/2)/(5/q). Let s(b) = b**2 + 4*b + 3. What is s(x)?
-1
Let j(m) = -2*m**2 + m + 1. Let x(c) = 2*c**2 + 2. Let q be x(0). Let g(r) = 4*r**2 - r. Let i be g(1). Suppose -5*p - i = q. Give j(p).
-2
Let a(j) be the third derivative of j**5/60 + 5*j**4/24 - j**3/2 + 9*j**2. Give a(-5).
-3
Let p(b) = b - 1. Let s = -57 + 51. Determine p(s).
-7
Suppose 12*z = -5*z + 68. Let s(a) = -a**3 + 7*a**2 - 7*a + 4. What is s(z)?
24
Let c = 6 - 4. Suppose -4*t + 2*t = c. Let u = t + 3. Let j(y) = -2*y**2 + 3*y. Calculate j(u).
-2
Let u(c) be the third derivative of -c**5/60 + 5*c**4/24 - 7*c**2. Calculate u(4).
4
Suppose -4*g - g - 20 = -3*m, 4*m + 16 = -4*g. Let k = m - 0. Let o(w) be the third derivative of w**4/24 + 2*w**3/3 + 81*w**2. Give o(k).
4
Let f be -4*((-3)/12 - -2). Let y(b) = b**2 + 7*b + 1. Let r be y(f). Let t = 2 - r. Let j(v) = v**3 + v**2 - v. What is j(t)?
1
Let a be ((-5)/(-4))/((-1)/4). Let k(g) be the first derivative of g**4/4 + 5*g**3/3 - 3*g**2/2 - 5*g + 6. Determine k(a).
10
Let j(c) = c**2 - 7*c - 10. Let t(r) = 5*r**2 - 27*r - 41. Let p(k) = -9*j(k) + 2*t(k). What is p(-7)?
-6
Let i(y) = 0 + 5*y**2 - 4 + 0 + y**3. Let k(w) = w**3 - 5*w**2 + 4*w + 1. Let r be k(3). Give i(r).
-4
Let c(s) be the first derivative of s**4/4 + 5*s**3/3 + 3*s**2 + 2*s - 28. Give c(-4).
-6
Let s(r) = 5*r + 4. Let c(g) = 11*g + 9. Let y(j) = 3*c(j) - 7*s(j). Calculate y(5).
-11
Suppose 2*y - 3*y = -3*n + 18, -5*y - 4*n - 128 = 0. Let d = y - -21. Let t(j) = -j**2 - 2*j - 2. What is t(d)?
-5
Suppose 2*c + 8 = 0, -3*a + a - 2*c = -4. Let z(t) = -3*t**2 - 12*t + 9. Let l = -2 - 0. Let q(p) = p**2 + 6*p - 4. Let x(u) = l*z(u) - 5*q(u). Calculate x(a).
2
Suppose 2*t = 2*i - 24 + 8, -2*i = 2*t. Let p(s) = -s**3 + s - 1. Let x(z) = 4*z**3 - 5*z**2 - 7*z + 3. Let o(a) = -5*p(a) - x(a). What is o(t)?
10
Let t(j) = -3*j**2 + 32*j + 1. Let i(b) = -b**2 + 11*b. Let p(l) = -17*i(l) + 6*t(l). Let y be 7 + -3*4/6. Calculate p(y).
6
Let q(m) = -m**2 - 2*m + 2. Let d be 2/2 + (3 - 5). Let k = d + -3. Give q(k).
-6
Let t(x) = -x + 2. Let y be t(7). Let h(o) = o**2 + 4*o - 8*o**2 + 8*o**2 + 2. What is h(y)?
7
Let w(t) = t + 2. Let f = 31 - 7. Suppose -2*q = -5*o + f + 4, -3*q = -2*o + 20. Calculate w(o).
6
Let x be ((-3)/2)/(1/(-2)). Suppose 0 = -x*u + j + 28, -5*j + 13 + 23 = u. Let z(b) = -4*b**2 + 2*b**2 + u + b**2. Give z(0).
11
Let i(y) = 15*y**3 - 21*y**2 + 7*y + 19. Let g(l) = 7*l**3 - 10*l**2 + 3*l + 9. Let t(d) = -13*g(d) + 6*i(d). Suppose -k = -5*k + 8. Determine t(k).
11
Let f = 16 + -21. Let i(d) = -d - 5. Calculate i(f).
0
Let r(m) = -5*m**2 + 4*m - 3. Let n be 9/6*-2 + 5. What is r(n)?
-15
Let h(z) = -z**3 + 8*z**2 - 8*z + 6. Suppose -4*i + 8 + 12 = 0. Suppose -3*m = -i*m + 14. What is h(m)?
-1
Let d(z) = -z**3 + 3*z**2 + 5*z - 3. Let g(u) = u. Let a be (-2 - -4)*1/(-2). Let r(p) = a*d(p) + 4*g(p). Suppose 2*m - 3*m + 3 = 0. Calculate r(m).
0
Let t(s) be the third derivative of -s**6/120 - s**5/12 + 7*s**4/24 + 2*s**3/3 - 13*s**2. What is t(-6)?
-2
Let r(v) = v**3 + 7*v**2 + 4*v - 7. Let n be 0/(-4) + -2 + 2. Suppose -p + 3*m = 15 - 6, n = -4*p + m - 25. Calculate r(p).
5
Let m(o) = 90*o + 27. Let q(x) = 13*x + 4. Let b be 266/10 + 6/15. Let z(d) = b*q(d) - 4*m(d). Give z(1).
-9
Let b(k) = k**2 - 4*k - 5. Let a be b(5). Suppose a = -h - 1. Let i(j) = 3*j**3 - j**2 + 1. Determine i(h).
-3
Let a(f) = -8*f**3 - 15*f**2 + 20*f - 12. Let q(d) = -2*d + 7. Let t be q(9). Let r(c) = 3*c**3 + 5*c**2 - 7*c + 4. Let g(p) = t*r(p) - 4*a(p). Determine g(4).
8
Let q(a) = -a**3 + 8*a**2 - 6*a - 6. Suppose 0*m - 2*m + 14 = 0. Give q(m).
1
Let c(j) = -j + 1. Let l(a) = -2. Let t be (-2)/4*(-4 - -2). Let b(s) = t*l(s) + c(s). Give b(3).
-4
Let o(y) = -y**3 + 5*y**2 + 9*y - 9. Suppose -4*x + 0*x = -q - 22, 5*q - 10 = 0. Determine o(x).
9
Let s(d) = -6*d - 7. Let l(m) = -3*m - 3. Let r(o) = 5*l(o) - 2*s(o). Suppose -3*z + 0*z + 5*x = -16, -2*z - 11 = x. What is r(z